?
True
Is 2*(-5)/((-10)/327) composite?
True
Let c(s) = -4*s**3 - 7*s**2 - 9*s - 10. Let y(b) = -3*b**3 - 5*b**2 - 6*b - 7. Let l(d) = -5*c(d) + 7*y(d). Let i be l(-2). Is -127*i*(-4)/12 composite?
False
Let b(j) = 558*j - 289. Is b(17) a composite number?
True
Let v = 54387 + -36187. Suppose -v + 4641 = -7*o. Is o a prime number?
False
Let n = -7 - -5. Let h = 0 - n. Is ((-204)/(-18))/(h/39) a prime number?
False
Suppose -70 - 60 = -4*o - 5*j, 3*o - 100 = -5*j. Let k be 17*-2*(-1)/(-2). Let i = o + k. Is i a composite number?
False
Let l = -16 + -358. Let n = 1773 + l. Is n prime?
True
Let w be (12/10)/(2/(-5)). Is (-39)/(-26)*(-116)/w a prime number?
False
Let d = -26 - -9. Suppose -2*r - 22 + 130 = 0. Let q = d + r. Is q a prime number?
True
Suppose 5 = 4*h - 7. Suppose -h = -o + 2*a - 1, 0 = -5*o + 4*a + 28. Is -5 + o + (0 - -166) composite?
True
Let a(z) = 720*z**2 + 84*z + 65. Is a(-19) a composite number?
False
Let h = 97 - 100. Is 3 - (-83 + h + 0) prime?
True
Suppose -50*l = 5*z - 54*l - 86717, 3*z - 3*l - 52032 = 0. Is z prime?
True
Is (-1)/3 + (-15106)/(-21) composite?
False
Is 4 + (-4)/24 + (-27755)/(-30) a composite number?
False
Let p(q) = -3*q**2 + 3*q**2 + 2*q**2 - 4 - q**2. Let n be p(3). Suppose g - 2929 = -n*b - g, -5*g = 15. Is b composite?
False
Let g(t) = t - 28. Let z(c) = -c + 28. Let w(r) = -6*g(r) - 5*z(r). Suppose 26 = 13*a - 195. Is w(a) prime?
True
Suppose -2*c + 4*q = 654, 10 = q + q. Let y = -217 - c. Suppose -2*j + y = 3*z, -3*j = 2*j - 2*z - 269. Is j prime?
True
Suppose -7*x + 39 + 136 = 0. Let u = -12 + x. Is u*8 - (4 - 6) composite?
True
Suppose 5*b - 3785 + 21556 = -2*m, m = -4*b - 14215. Is 12/54 + b/(-9) a prime number?
False
Suppose 732 = -j + 2*k + 250, 2354 = -5*j - 4*k. Let t = 853 + j. Is t prime?
True
Suppose -6*z + z = -40. Suppose -126 = -z*l + 2*l. Is l composite?
True
Let l be -1 + 2 + 897*47. Suppose l = 4*p + 1628. Is p a composite number?
False
Suppose 1 = v, 4*q - v + 20 + 1 = 0. Let k be (1 + q)*150/8. Let x = k + 122. Is x composite?
False
Let o(h) = 5*h**2 - 3*h + 11. Suppose 12*c + 109 = 1. Is o(c) prime?
True
Is 2/(-7) + 15 + 14486004/126 a composite number?
True
Let t(b) = -2*b**3 + 10*b**2 + 4*b - 2. Is t(-5) composite?
True
Let b be (-5)/(-4) - 12/(-16). Let t be -4*b/(20/15). Let z(j) = -2*j**3 + 6*j**2 - 6*j + 1. Is z(t) a composite number?
True
Let p = -21 + 23. Suppose 0 = -j - p*j + 4*d + 1099, 1144 = 3*j + 5*d. Is j a composite number?
False
Let k = -21085 - -54152. Is k composite?
True
Suppose 34470 = 2*x - 2*y, 0 = -2*x + 33*y - 36*y + 34450. Is x prime?
True
Suppose d + 4*d - 105 = 0. Let v = d - 17. Suppose -141 + 53 = -v*p. Is p composite?
True
Let z = 17 + -25. Let u(i) = -4*i**2 + i - 9. Let w be u(z). Let l = w - -490. Is l composite?
True
Let b(d) = -46*d + 33. Let s be b(-4). Let w = s - -774. Is w prime?
True
Suppose r + 5*n = 0, -5*r - 5*n + 1 + 19 = 0. Suppose -707 = 5*p + 5*u - 4222, 0 = -r*u - 20. Is p a composite number?
True
Suppose 2*h + 28270 = 6*h - 2*k, h = 3*k + 7060. Is h composite?
False
Suppose 2*y = -5*y + 28. Suppose -j - 4*x = -3*j + 4318, -4*j = -y*x - 8624. Is j prime?
True
Suppose -8*i = -160 - 43360. Is 20/15 - 1 - i/(-6) a prime number?
True
Suppose -5*m + 0 = -2*g - 22, 4*m + 4 = -2*g. Suppose 889 = v - 5*i, 5370 = 5*v + 3*i + 869. Let b = v - g. Is b prime?
False
Is 71533 + (-24)/(9 - 5) a prime number?
True
Let c be 0/(0/2 - -2). Let q(r) = r**3 - r**2 + r + 3. Let a be q(c). Suppose 5*k = a*k + 4, 146 = 4*d - k. Is d composite?
False
Let i(y) = -y**3 + y**2 + y + 2. Let l be i(2). Suppose l = o + 2*o - 12. Suppose p = s + 58, 2*p - o*s - 177 = -p. Is p a prime number?
False
Let c be 4 + 0/(-2) + -6 + 4. Suppose -3349 = -b + g, -13400 = -4*b + g + c*g. Is b composite?
True
Let o(r) = -r**3 - 5*r**2 - 5*r + 3. Let t be o(-4). Suppose -t*y - 1407 = -14*y. Is y composite?
True
Suppose 367820 - 123430 = 10*n. Is n a composite number?
False
Let h(b) = 2*b**2 + b - 2. Suppose -5*a = 2*z + 4, 0*z = z - a - 5. Let p be h(z). Let u = 100 + p. Is u a composite number?
True
Let j(r) = 158*r**2 + 20*r - 105. Is j(8) a composite number?
True
Suppose f = 2*d + 3*d + 2699, 4*f - 2*d = 10742. Is (f + 2)/(2/7*7) a composite number?
True
Suppose -20 = -0*s - 2*s. Suppose 7*u - s = 5*u, 0 = -5*f + 4*u + 5015. Is f prime?
False
Suppose 20 = -5*y, -3*z + 360*y - 361*y = -214355. Is z a composite number?
False
Suppose 0 = d - 3 - 2. Suppose -922 - 993 = d*m. Let o = m - -900. Is o prime?
False
Let q(o) = 159*o + 152. Let r be q(-4). Let h be (-2)/((1 + 0)*-1). Is (15/(-30))/(h/r) a prime number?
False
Suppose 6 = -g + 8. Suppose 4*t = 3*t - 4*v + 102, -4*t + 318 = -g*v. Is t a composite number?
True
Suppose -7*r + 3*r = -12, 4*j - 629 = 5*r. Suppose x - j = -22. Is x a composite number?
False
Let n(z) = -3*z - 6. Let w be n(-3). Suppose -u - 935 = -2*h, w*u + 605 = 2*h - 332. Is h prime?
True
Let s = -4000 - -8751. Is s composite?
False
Suppose -76*h - 43082 = -89*h. Is h a composite number?
True
Let o(u) = -18*u - 3. Is o(-8) a composite number?
True
Let d(w) = w**2 + 8*w + 2. Let v be d(-11). Is (-61)/(v/(-15) - -2) composite?
True
Suppose 13099 = 3*d + 4*r, -4*d + r + 12087 + 5410 = 0. Is d composite?
False
Suppose 0 = 2*w - 4, 5*w - 17 = 3*l - 4*l. Suppose l = 2*g + 1. Suppose 170 = g*k - k. Is k composite?
True
Is ((-54)/(-30))/9 - (-126768)/10 a composite number?
True
Suppose 72*v - 74*v + 24802 = 0. Is v composite?
False
Suppose 0 = -0*j + 3*j - 24. Let a = j + -6. Is (-376)/(-56) - a/(-7) composite?
False
Let i = -38 + 41. Suppose -o - 9 = -2*c, -2*o - i - 3 = -c. Suppose 4*q = c*d + 369 - 1089, -3*d + 536 = q. Is d composite?
False
Suppose 0 = -2*s + 2*g - 6*g + 46, -2*s + 3*g = -39. Suppose -2*t - 6*c + 45 = -c, -c = t - s. Suppose 4*x = -t, -m - 2*x = x - 364. Is m composite?
False
Let p(r) = 22187*r**2 - 2*r - 2. Is p(-1) a prime number?
False
Let i be 25/(-5) + 3 + 5. Suppose y + i*n = 269, 0*y - 3*y = 2*n - 793. Is y prime?
True
Suppose 0*y + y = -4*b + 15171, -2*y - 10 = 0. Is b/10 + 12/(-30) a prime number?
True
Let h = -10 + 9. Let q be 4/(-5)*(h - 4). Suppose -c - 450 = -3*s, c = -q*s - 0*c + 593. Is s a composite number?
False
Suppose -6*d = -q - 10867, -12847 + 3789 = -5*d + 3*q. Is d a composite number?
False
Suppose 11357 = 22*q - 43577. Is q a composite number?
True
Suppose 0 = 2*r + 4*c + 10, -4*r + 3*c = 2*c - 16. Let o = 5 - r. Suppose 5*a + 215 = m, o*a + 414 = m + m. Is m composite?
True
Let w be 7 - (4 - 4 - 2). Let b(p) = 112*p - 6 + w + 2. Is b(3) prime?
False
Suppose -g - 3 = -6. Suppose -g*t = t - 8. Suppose -t*h + 565 = 3*h. Is h a prime number?
True
Let i = 11 - 13. Let x be i/(-4) + (-70)/(-4). Suppose v - 40 - x = r, -3*v = 2*r - 174. Is v a prime number?
False
Suppose -4*g - 133 + 29 = 0. Let v = -112 - -221. Let r = v + g. Is r composite?
False
Let j(a) = -7*a**3 - a**2 - 3*a - 2. Suppose 0 = -z + 5*s + 2 + 5, -19 = 5*z + 2*s. Is j(z) a composite number?
True
Let x(n) = 2*n + 5. Let f be x(-4). Let z = f - -5. Is 97*(2 + 1 - z) prime?
True
Let k(a) = 5*a**3 - 13*a**2 + 25*a - 7. Let u be k(10). Suppose -w = 5*h - 3*h - u, 2*w = -2*h + 3940. Is h composite?
False
Let g = 2623 + -1224. Is g composite?
False
Let i(l) = l + 26. Let g(u) = -u**2 - 7*u + 5. Let c be g(-6). Is i(c) prime?
True
Suppose 43*j - 42*j - 1517 = 0. Is j composite?
True
Is -4 + 1 - (-5 - 735/5) prime?
True
Let o(u) = u**2 + 5*u - 6. Let p be o(-8). Let i = -11 + p. Suppose -2*y - 265 = -i*y. Is y a composite number?
False
Suppose 0 = -2*j - a - 0*a + 33, -j - 2*a = -9. Suppose -609 = -22*v + j*v. Is v a composite number?
True
Let q be (-84)/7 - -7 - -1*3. Is q/(-4) - (-4372)/8 composite?
False
Let b be 3/12 + (-27591)/12. Let o = -1546 - b. Is o composite?
True
Suppose 76*v - 73*v - 12 = 0, 5*z + 3*v - 326147 = 0. Is z a composite number?
True
Suppose -8*a + 19872 = -43448. Is a composite?
True
Let z = -4321 - -6494. Is z a composite number?
True
Is ((-76)/(-228))/((-2)/(-18930)) a composite number?
True
Suppose -1403 = 5*q + 77. Let i = q - -11. Let y = i + 491. Is y a composite number?
True
Let l(h) = -2*h**3 + 4*h**2 + 13*h - 10. Is l(-7) a composite number?
True
Let w(p) = -1888*p**3 - 2*p - 1. Let d be w(-1). Suppose 3*k - 5296 = d. Is k a prime n